{"id":25,"date":"2012-04-17T22:01:02","date_gmt":"2012-04-17T20:01:02","guid":{"rendered":"http:\/\/ebbarpsby.se\/vag\/?page_id=25"},"modified":"2023-09-24T17:50:09","modified_gmt":"2023-09-24T17:50:09","slug":"kontakt","status":"publish","type":"page","link":"http:\/\/ebbarpsby.se\/vag\/kontakt\/","title":{"rendered":"Kontakt"},"content":{"rendered":"<p>F\u00f6r kontakt med v\u00e4gf\u00f6reningen, kontakta n\u00e5gon i styrelsen i byn eller kontakta ordf\u00f6randen.<br \/>\nF\u00f6r fr\u00e5gor r\u00f6rande ekonomi, myndighetskontakter eller r\u00e4ttelse av adress &amp; fastighets-innehavare skall alltid ordf\u00f6randen kontaktas.<\/p>\n<p><strong>Ordf\u00f6rande:<\/strong><br \/>\nStellan Karlsson,<br \/>\n<a href=\"mailto:ebbarpsby@gmail.com\">ebbarpsby@gmail.com<\/a><br \/>\nTelefon 076 792 08 49.<\/p>\n<p><strong>Kass\u00f6r:<\/strong><br \/>\nClaes-Henric Arenblom <a title=\"Kontaktuppgifter\" href=\"http:\/\/www.hitta.se\/claes-henric+arenblom\/j\u00f6nk\u00f6ping\/person\/hTg2-nnqqb?vad=Claes-Henric+Arenblom&amp;var=J\u00f6nk\u00f6ping\" target=\"_blank\" rel=\"noopener\">Kontaktuppgifter<\/a><\/p>\n","protected":false},"excerpt":{"rendered":"<p>F\u00f6r kontakt med v\u00e4gf\u00f6reningen, kontakta n\u00e5gon i styrelsen i byn eller kontakta ordf\u00f6randen. F\u00f6r fr\u00e5gor r\u00f6rande ekonomi, myndighetskontakter eller r\u00e4ttelse av adress &amp; fastighets-innehavare skall alltid ordf\u00f6randen kontaktas. Ordf\u00f6rande: Stellan Karlsson, ebbarpsby@gmail.com Telefon 076 792 08 49. Kass\u00f6r: Claes-Henric Arenblom &hellip; <a href=\"http:\/\/ebbarpsby.se\/vag\/kontakt\/\">Continue reading <span class=\"meta-nav\">&rarr;<\/span><\/a><\/p>\n","protected":false},"author":1,"featured_media":0,"parent":0,"menu_order":100,"comment_status":"closed","ping_status":"open","template":"onecolumn-page.php","meta":[],"_links":{"self":[{"href":"http:\/\/ebbarpsby.se\/vag\/wp-json\/wp\/v2\/pages\/25"}],"collection":[{"href":"http:\/\/ebbarpsby.se\/vag\/wp-json\/wp\/v2\/pages"}],"about":[{"href":"http:\/\/ebbarpsby.se\/vag\/wp-json\/wp\/v2\/types\/page"}],"author":[{"embeddable":true,"href":"http:\/\/ebbarpsby.se\/vag\/wp-json\/wp\/v2\/users\/1"}],"replies":[{"embeddable":true,"href":"http:\/\/ebbarpsby.se\/vag\/wp-json\/wp\/v2\/comments?post=25"}],"version-history":[{"count":2,"href":"http:\/\/ebbarpsby.se\/vag\/wp-json\/wp\/v2\/pages\/25\/revisions"}],"predecessor-version":[{"id":275,"href":"http:\/\/ebbarpsby.se\/vag\/wp-json\/wp\/v2\/pages\/25\/revisions\/275"}],"wp:attachment":[{"href":"http:\/\/ebbarpsby.se\/vag\/wp-json\/wp\/v2\/media?parent=25"}],"curies":[{"name":"wp","href":"https:\/\/api.w.org\/{rel}","templated":true}]}}